Now
Today
Yesterday
This Month
This Year
Monthly Records
All Time Records
NOAA Style Reports
Archive Data
Trends
Gauges
Clifton PWS


Report for 2011 Apr
                   Monthly Climatological Summary for Apr 2011

Name: Shap Weather   City:    State: Cumbria
Elevation: 250 m  Lat: N 54 31' 31"   Lon: W 002 40' 30"

                  Temperature (C), Rain (mm), Wind Speed (mph)

                                      Heat  Cool        Avg
    Mean                              Deg   Deg         Wind                 Dom
Day Temp  High   Time   Low    Time   Days  Days  Rain  Speed High   Time    Dir
----------------------------------------------------------------------------------
 1  10.0  11.0   21:40   8.2   00:40   8.3   0.0  18.3   6.6  27.0   13:56     W
 2  10.4  13.3   15:17   7.4   23:56   7.9   0.0   8.7   7.1  30.0   09:11   WNW
 3   8.0  12.4   18:30   3.6   23:41  10.3   0.0   1.2   4.6  15.0   02:42     W
 4   6.5   9.5   17:46   2.6   04:51  11.8   0.0  13.8   8.7  36.0   12:48   WNW
 5   9.9  13.1   13:44   8.2   06:41   8.4   0.0  17.7  11.1  34.0   01:31     W
 6  11.2  15.5   15:30   8.3   22:19   7.1   0.0   1.8   8.2  36.0   17:44   WNW
 7  10.8  15.5   14:07   5.6   23:41   7.5   0.0   0.0   2.8  15.0   00:01     W
 8  11.2  20.7   15:30   1.7   06:21   7.1   0.0   0.0   0.6   8.0   14:52     E
 9  13.8  23.6   15:07   5.8   05:11   4.5   0.0   0.0   0.9  11.0   11:28     W
10  14.3  22.1   13:35   8.8   02:21   4.0   0.0   0.0   1.0  14.0   16:51     W
11   9.9  14.1   14:52   4.5   23:32   8.4   0.0   0.3   3.1  22.0   21:24     W
12   7.5  13.0   15:10   3.4   00:42  10.8   0.0   0.0   3.8  17.0   10:09     W
13   6.4   8.3   18:26   5.1   00:02  11.9   0.0   0.9   4.7  24.0   10:58     W
14   9.2  13.7   13:10   5.7   00:02   9.1   0.0   0.3   2.1  13.0   12:24     W
15  10.0  15.5   17:27   8.1   05:12   8.3   0.0   0.0   1.9  16.0   15:18     W
16   9.1  14.0   10:14   3.4   23:52   9.2   0.0   0.0   1.3  18.0   11:09     W
17   9.6  19.5   17:46   0.3   06:11   8.7   0.0   0.0   0.5   8.0   18:29     W
18  12.2  20.6   16:19   4.7   00:32   6.1   0.0   0.0   0.7   8.0   12:14   ESE
19  13.7  21.4   15:50   6.7   06:46   4.6   0.0   0.0   0.5   8.0   14:34     N
20  13.2  22.6   13:55   3.8   06:12   5.1   0.0   0.0   1.1  11.0   19:23   ESE
21  15.0  26.5   15:58   5.2   04:02   3.3   0.0   0.0   1.0  12.0   18:24   ESE
22  15.1  24.0   17:21   5.7   04:23   3.2   0.0   0.0   1.7  20.0   14:23   ESE
23  13.5  18.9   10:35   7.6   23:53   4.8   0.0   0.6   1.3  15.0   11:11     W
24  12.1  22.7   15:56   2.1   05:43   6.2   0.0   0.0   0.4  14.0   16:57     E
25  10.7  17.6   15:13   4.5   02:03   7.6   0.0   0.0   1.4  13.0   10:38     N
26   8.4  12.5   10:58   3.6   02:53   9.9   0.0   0.0   2.5  17.0   15:14   ESE
27   9.6  19.3   15:50   2.6   03:03   8.7   0.0   0.0   1.3  11.0   07:56   ESE
28   9.2  16.6   13:30  -0.2   06:23   9.1   0.0   0.0   1.5  12.0   14:43   ESE
29  10.1  18.2   11:39   2.7   00:34   8.2   0.0   0.0   2.3  16.0   13:11   ESE
30  11.1  16.6   12:45   3.8   05:54   7.2   0.0   0.0   4.3  25.0   14:17   ESE
----------------------------------------------------------------------------------
    10.7  26.5    21    -0.2    28   227.3   0.0  63.6   3.0  36.0     4       W

Max >=  27.0:  0
Max <=   0.0:  0
Min <=   0.0:  1
Min <= -18.0:  0
Max Rain: 18.3 on day 1
Days of Rain: 10 (>= 0.2 mm)  4 (>= 2.0 mm)  0 (>= 20.0 mm)
Heat Base: 18.3  Cool Base: 18.3  Method: Integration
Page Updated 02/12/2021 06:40:11
Powered by Cumulus v3.10.4 (3121)