Now
Today
Yesterday
This Month
This Year
Monthly Records
All Time Records
NOAA Style Reports
Archive Data
Trends
Gauges
Clifton PWS


Report for 2011 Jan
                   Monthly Climatological Summary for Jan 2011

Name: Shap Weather   City:    State: Cumbria
Elevation: 250 m  Lat: N 54 31' 31"   Lon: W 002 40' 30"

                  Temperature (C), Rain (mm), Wind Speed (mph)

                                      Heat  Cool        Avg
    Mean                              Deg   Deg         Wind                 Dom
Day Temp  High   Time   Low    Time   Days  Days  Rain  Speed High   Time    Dir
----------------------------------------------------------------------------------
 1   2.6   5.8   00:00  -1.9   20:07  15.7   0.0   0.3   0.7   9.2   08:10    NE
 2  -0.5   0.7   11:37  -2.1   08:35  18.8   0.0   0.0   0.2   5.4   03:34   ESE
 3  -0.5   1.2   14:36  -1.8   16:29  18.8   0.0   0.0   1.3  14.5   23:55     W
 4   2.3   3.8   10:41   0.4   02:05  16.0   0.0   5.4   8.5  26.6   12:59   WNW
 5   2.1   4.0   13:29   0.4   07:31  16.2   0.0   8.7   4.2  25.9   00:54     W
 6   0.3   3.5   12:49  -5.8   23:54  18.0   0.0   0.3   0.8  10.7   13:36     W
 7  -2.5   1.7   23:05  -7.1   02:44  20.8   0.0   0.0   0.1   3.8   19:14     S
 8   1.9   5.2   14:24   0.3   08:30  16.4   0.0   7.2   5.1  29.8   22:27     W
 9   1.9   5.7   14:20  -0.3   19:19  16.4   0.0   0.9   3.7  21.3   05:34     W
10   2.8   5.4   23:55  -4.9   20:35  15.5   0.0   6.9   3.6  17.4   00:25     W
11   2.2   6.0   14:31  -1.6   17:52  16.1   0.0   3.3   2.1  19.7   07:40    NW
12   5.2   9.5   12:54   1.0   01:05  13.1   0.0   1.8   2.4  14.5   17:36     W
13   8.2  10.5   11:11   6.5   00:06  10.1   0.0   2.7   2.5  13.6   08:52     W
14   6.9   8.2   07:43   4.9   20:09  11.4   0.0   6.0   8.6  30.4   12:35   WNW
15   7.8  10.5   16:34   4.7   00:45  10.5   0.0  46.8  15.5  45.6   10:50   WNW
16   7.7   9.4   08:55   5.8   22:15  10.6   0.0   9.9  16.0  42.5   05:45   WNW
17   3.6   9.9   13:59  -0.7   23:25  14.7   0.0   0.0   1.6  18.3   00:35     W
18   1.9   7.4   14:35  -1.2   02:25  16.4   0.0   0.3   0.8  12.1   11:24   WSW
19   1.7   6.9   15:47  -4.3   23:57  16.6   0.0   0.0   0.2   6.9   11:13     N
20  -3.1   9.6   14:54  -6.8   23:46  21.4   0.0   0.0   0.0   3.1   13:45     E
21  -3.7  -1.2   14:09  -6.4   03:46  22.0   0.0   0.0   0.1   3.1   07:47     W
22   0.5   5.6   14:28  -5.0   00:06  17.8   0.0   0.6   0.1   3.1   14:20    NE
23   3.3   5.2   11:25   1.6   23:47  15.0   0.0   0.0   0.4   6.9   11:01   NNW
24   4.8   8.0   14:59   1.6   00:07  13.5   0.0   0.0   1.8  10.7   18:42     W
25   6.1   7.8   13:09   3.8   23:57  12.2   0.0   3.6   1.4  11.4   14:35     W
26   2.7   4.5   01:57   0.3   23:57  15.6   0.0   0.3   1.6  14.5   11:51   ENE
27   1.1   1.9   11:48  -0.3   23:56  17.2   0.0   0.0   1.0  13.6   10:41     E
28  -0.4   5.8   14:24  -5.3   23:16  18.7   0.0   0.3   0.3   8.3   12:38   ESE
29  -2.4   7.1   14:58  -7.7   05:16  20.7   0.0   0.0   0.0   3.1   13:55     S
30  -0.4   0.9   10:38  -2.2   19:09  18.7   0.0   0.3   1.3  13.0   13:58     W
31   0.9   3.0   11:07  -0.9   00:06  17.4   0.0   0.0   2.1  16.8   15:22     W
----------------------------------------------------------------------------------
     2.1  10.5    13    -7.7    29   502.3   0.0 105.6   2.8  45.6    15     WNW

Max >=  27.0:  0
Max <=   0.0:  1
Min <=   0.0: 19
Min <= -18.0:  0
Max Rain: 46.8 on day 15
Days of Rain: 19 (>= 0.2 mm)  10 (>= 2.0 mm)  1 (>= 20.0 mm)
Heat Base: 18.3  Cool Base: 18.3  Method: Integration
Page Updated 23/10/2021 11:35:11
Powered by Cumulus v3.10.4 (3121)