Now
Today
Yesterday
This Month
This Year
Monthly Records
All Time Records
NOAA Style Reports
Archive Data
Trends
Gauges
Clifton PWS


Report for 2010 Jul
                   Monthly Climatological Summary for Jul 2010

Name: Shap Weather   City:    State: Cumbria
Elevation: 250 m  Lat: N 54 31' 31"   Lon: W 002 40' 30"

                  Temperature (C), Rain (mm), Wind Speed (mph)

                                      Heat  Cool        Avg
    Mean                              Deg   Deg         Wind                 Dom
Day Temp  High   Time   Low    Time   Days  Days  Rain  Speed High   Time    Dir
----------------------------------------------------------------------------------
 1  17.2  22.4   16:49  14.6   05:11   1.1   0.0   8.7   1.5  17.4   09:54     W
 2  15.5  20.7   15:47  11.0   05:32   2.8   0.0   5.4   2.9  18.3   11:34     W
 3  15.7  20.3   15:12  11.9   04:12   2.6   0.0   0.0   3.4  15.2   16:02   WNW
 4  14.4  19.8   18:49  11.6   03:41   3.9   0.0  42.9   5.2  32.0   14:26     W
 5  13.9  18.4   17:07   9.8   23:52   4.4   0.0   0.0   2.7  17.4   18:18     W
 6  13.2  19.1   14:09   8.0   01:12   5.1   0.0   0.6   2.1  19.7   15:32     W
 7  15.7  21.1   13:21  12.9   23:52   2.6   0.0   7.8   3.7  19.0   15:08     W
 8  14.4  19.0   13:52  10.6   02:42   3.9   0.0   0.0   2.8  19.7   11:11     W
 9  15.1  20.9   15:18  11.8   03:32   3.2   0.0   4.5   1.7  22.1   14:19     W
10  16.9  20.7   16:58  14.2   00:02   1.4   0.0  29.4   1.3  12.1   13:25     W
11  14.4  18.0   16:08  11.6   08:10   3.9   0.0   5.1   3.8  25.1   06:44     W
12  13.5  18.4   14:33   9.2   05:52   4.8   0.0   0.0   0.9   8.3   11:55   ESE
13  12.4  17.6   15:07   6.3   03:42   5.9   0.0   4.8   2.6  15.2   14:29   ESE
14  15.2  20.8   15:00  11.1   00:04   3.1   0.0   7.5   2.4  15.2   02:44   ESE
15  14.5  18.6   13:40  12.0   23:23   3.8   0.0   6.3   3.2  22.1   15:21     W
16  13.1  17.7   15:54  10.4   05:23   5.2   0.0  21.6   4.8  28.9   07:07     W
17  12.8  17.6   14:34   9.0   03:54   5.5   0.0   0.0   3.2  18.3   13:39     W
18  15.2  20.1   13:11  11.0   04:43   3.1   0.0  13.8   3.6  22.1   12:09     W
19  15.8  21.1   13:44  13.9   05:53   2.5   0.0  21.6   2.3  18.3   15:07     W
20  15.0  18.6   08:52  12.8   05:35   3.3   0.0  14.7   0.5  10.7   11:35     W
21  15.5  20.7   16:19  12.2   23:46   2.8   0.0   6.9   1.4  13.0   14:32     W
22  13.1  16.0   11:47  10.4   23:56   5.2   0.0   0.0   1.2   9.2   09:21     E
23  14.0  22.3   12:47   5.6   04:30   4.3   0.0   0.0   0.4   6.0   16:42     W
24  14.2  18.8   11:58   7.8   01:07   4.1   0.0   0.0   0.8   9.8   14:20     W
25  15.7  19.3   11:57  13.6   23:36   2.6   0.0   0.0   1.1  10.7   18:09     W
26  16.7  20.8   15:27  13.8   00:06   1.6   0.0   2.7   0.7  11.4   17:25   WNW
27  16.7  20.8   13:14  12.0   23:35   1.6   0.0   0.3   1.5  11.4   15:55     W
28  15.0  18.4   14:59  11.6   06:07   3.3   0.0   0.0   1.3  13.0   16:38     W
29  14.8  19.3   17:17   9.1   23:55   3.5   0.0   0.0   1.2   9.2   08:33   WNW
30  13.6  17.6   16:13   8.2   04:15   4.7   0.0   0.0   1.4  15.9   18:09     W
31  14.9  19.5   13:07  12.3   03:16   3.4   0.0   0.0   2.6  17.4   14:34     W
----------------------------------------------------------------------------------
    14.8  22.4     1     5.6    23   109.2   0.0 204.6   2.2  32.0     4       W

Max >=  27.0:  0
Max <=   0.0:  0
Min <=   0.0:  0
Min <= -18.0:  0
Max Rain: 42.9 on day 4
Days of Rain: 18 (>= 0.2 mm)  16 (>= 2.0 mm)  4 (>= 20.0 mm)
Heat Base: 18.3  Cool Base: 18.3  Method: Integration
Page Updated 23/10/2021 11:10:20
Powered by Cumulus v3.10.4 (3121)