Now
Today
Yesterday
This Month
This Year
Monthly Records
All Time Records
NOAA Style Reports
Archive Data
Trends
Gauges
Clifton PWS


Report for 2010 May
                   Monthly Climatological Summary for May 2010

Name: Shap Weather   City:    State: Cumbria
Elevation: 250 m  Lat: N 54 31' 31"   Lon: W 002 40' 30"

                  Temperature (C), Rain (mm), Wind Speed (mph)

                                      Heat  Cool        Avg
    Mean                              Deg   Deg         Wind                 Dom
Day Temp  High   Time   Low    Time   Days  Days  Rain  Speed High   Time    Dir
----------------------------------------------------------------------------------
 1   7.4  15.8   08:07   0.5   05:42  10.9   0.0   0.3   1.5  13.6   12:59   ENE
 2   5.9   9.0   09:23   1.8   23:51  12.4   0.0   0.0   1.8  13.0   15:28   ENE
 3   5.5  12.4   12:21  -1.9   05:11  12.8   0.0   0.6   0.8  11.4   11:45     E
 4   7.8  16.1   13:39  -1.6   04:21  10.5   0.0   0.3   0.5   9.8   13:18   WSW
 5  10.7  16.7   14:45   6.3   03:22   7.6   0.0   0.0   0.3   5.4   15:09     E
 6   9.8  13.4   15:37   5.6   23:41   8.5   0.0   6.9   1.4   9.8   13:35   ENE
 7   7.8  13.0   14:54   4.1   02:31  10.5   0.0   0.0   3.0  17.4   13:39   ENE
 8   8.0  13.7   13:33   5.0   06:07  10.3   0.0   0.0   3.3  18.3   10:48   ENE
 9   7.8  15.1   14:09  -0.5   05:22  10.5   0.0   0.0   0.6   8.3   20:18     E
10   5.6  10.2   12:24   0.6   23:52  12.7   0.0   4.2   0.8   9.8   13:16   ENE
11   5.6  14.1   13:58  -2.0   02:52  12.7   0.0   0.0   0.6   8.3   19:09     E
12   4.9  12.3   14:54  -3.4   05:52  13.4   0.0   0.0   1.2  11.4   12:17   ENE
13   7.6  14.9   15:07  -0.4   02:43  10.7   0.0   0.3   2.6  20.6   15:47    SW
14   8.1  13.3   18:20   4.7   05:33  10.2   0.0   0.9   1.4  12.1   14:07    SW
15   9.3  17.8   14:56   0.8   04:42   9.0   0.0   0.3   1.5  25.9   14:35    SW
16   9.9  17.4   14:52   5.7   05:34   8.4   0.0   0.0   1.8  13.6   16:32    SW
17  11.1  19.4   15:00   3.6   03:02   7.2   0.0   0.0   0.4   7.6   12:37   SSW
18  13.3  22.5   14:47   2.5   05:35   5.0   0.0   0.0   0.7  11.4   17:26    SW
19  12.4  19.2   15:43   7.1   00:03   5.9   0.0   1.2   1.1  13.0   11:15    SW
20  16.5  24.8   14:47  11.0   00:34   1.8   0.0   0.0   0.6   9.8   12:43     S
21  19.6  29.2   15:19  13.4   05:14   0.0   1.3   0.0   0.5   9.2   11:50    SW
22  20.0  28.5   11:29  11.6   04:23   0.0   1.7   0.0   0.6   9.2   11:11     S
23  19.8  27.7   13:48   9.9   04:13   0.0   1.5   0.0   2.1  18.3   14:39    SW
24  16.3  25.4   15:24   9.7   23:47   2.0   0.0   0.0   1.3  13.0   18:51   ESE
25   9.2  12.4   15:45   4.2   23:47   9.1   0.0   0.0   2.9  12.1   08:42   ENE
26   8.3  18.5   10:20   3.8   03:47  10.0   0.0   1.2   0.4   7.6   13:35   ESE
27   8.2  14.2   08:22   0.8   04:16  10.1   0.0   0.6   2.4  19.0   19:47    SW
28  10.7  17.9   14:47   3.0   05:06   7.6   0.0   3.0   2.1  15.9   16:14    SW
29   9.6  13.5   10:07   7.6   04:26   8.7   0.0   4.2   1.1   9.8   09:49   ENE
30  10.7  15.7   13:10   7.3   23:56   7.6   0.0   0.9   1.6  14.5   14:39    SW
31  13.7  20.2   15:54   6.6   01:16   4.6   0.0   0.0   1.0   9.2   14:41   ENE
----------------------------------------------------------------------------------
    10.4  29.2    21    -3.4    12   250.7   4.5  24.9   1.3  25.9    15      SE

Max >=  27.0:  3
Max <=   0.0:  0
Min <=   0.0:  6
Min <= -18.0:  0
Max Rain: 6.9 on day 6
Days of Rain: 14 (>= 0.2 mm)  4 (>= 2.0 mm)  0 (>= 20.0 mm)
Heat Base: 18.3  Cool Base: 18.3  Method: Integration
Page Updated 23/10/2021 13:45:18
Powered by Cumulus v3.10.4 (3121)