Now
Today
Yesterday
This Month
This Year
Monthly Records
All Time Records
NOAA Style Reports
Archive Data
Trends
Gauges
Clifton PWS


Report for 2010 Feb
                   Monthly Climatological Summary for Feb 2010

Name: Shap Weather   City:    State: Cumbria
Elevation: 250 m  Lat: N 54 31' 31"   Lon: W 002 40' 30"

                  Temperature (C), Rain (mm), Wind Speed (mph)

                                      Heat  Cool        Avg
    Mean                              Deg   Deg         Wind                 Dom
Day Temp  High   Time   Low    Time   Days  Days  Rain  Speed High   Time    Dir
----------------------------------------------------------------------------------
 1   0.2   4.7   13:25  -6.3   07:48  18.1   0.0   0.0   1.1  14.5   19:53    SW
 2   1.5   4.6   10:57  -3.4   23:53  16.8   0.0   6.6   0.4   9.8   05:23    SW
 3  -2.2   0.9   13:07  -6.5   05:03  20.5   0.0   0.0   0.0   0.0   00:03   ---
 4   3.6   7.2   13:07   0.1   00:43  14.7   0.0   1.2   0.8   9.8   22:57    NE
 5   3.6   6.3   13:56   0.5   23:44  14.7   0.0   3.3   0.7   9.8   00:03    NE
 6   1.7  14.0   14:27  -2.1   22:33  16.6   0.0   0.0   0.0   3.1   15:17   ENE
 7   0.8   3.2   13:22  -3.3   01:16  17.5   0.0   0.3   0.1   6.9   18:43   ENE
 8   1.2   3.0   13:57  -0.3   07:57  17.1   0.0   0.0   1.1  10.7   13:33   ENE
 9   0.9   7.8   14:51  -0.6   23:16  17.4   0.0   0.3   0.4   8.3   18:17    SE
10  -0.1   3.9   14:06  -3.6   22:55  18.4   0.0   0.0   1.4  10.7   12:46   ENE
11  -1.5   7.7   15:00  -7.4   05:25  19.8   0.0   0.0   0.1   6.9   15:24   SSW
12   1.9   4.4   13:07  -0.2   06:26  16.4   0.0   0.3   0.7  11.4   13:57     E
13   1.5   7.2   14:18  -1.1   07:08  16.8   0.0   0.0   0.2   9.8   14:24   ESE
14   0.8   5.1   13:26  -4.1   05:07  17.5   0.0   0.0   0.0   3.8   23:04   ENE
15   2.7   7.1   15:23   0.8   23:57  15.6   0.0   2.4   1.3  15.2   11:16    SW
16   0.9   5.8   13:09  -1.7   02:57  17.4   0.0   0.9   0.1   7.6   13:13    SW
17  -0.8   6.2   14:48  -4.5   22:16  19.1   0.0   0.0   0.3   8.3   11:56   ENE
18  -0.4   2.8   14:07  -4.2   02:46  18.7   0.0   0.0   0.0   4.5   13:13   ENE
19  -1.6   7.4   14:16  -5.3   07:29  19.9   0.0   0.3   0.0   4.5   13:45    SW
20  -1.2   7.2   14:40  -5.6   07:07  19.5   0.0   0.0   0.3   8.3   13:19    SW
21  -1.1   2.2   14:30  -4.0   21:11  19.4   0.0   1.5   0.2   6.9   08:12   ENE
22  -1.6   5.6   16:05  -6.3   07:30  19.9   0.0   0.6   0.5   8.3   13:22   ENE
23  -2.3   2.2   12:20  -8.3   02:57  20.6   0.0   0.0   2.8  16.8   13:37   ENE
24   1.4   5.8   13:58  -0.4   00:06  16.9   0.0   2.4   1.4  11.4   00:46   ENE
25   3.4   8.1   11:31   1.1   01:57  14.9   0.0   1.8   0.6   9.8   15:07   ENE
26   1.8   3.5   11:17   0.2   22:07  16.5   0.0  10.2   0.1   6.0   13:32    SW
27   1.1   4.8   11:58  -1.9   04:47  17.2   0.0   1.2   0.3   7.6   13:59   ENE
28   1.1   3.4   14:30  -1.3   06:45  17.2   0.0   0.6   0.4   7.6   12:13    SW
----------------------------------------------------------------------------------
     0.6  14.0     6    -8.3    23   495.1   0.0  33.9   0.6  16.8    23       E

Max >=  27.0:  0
Max <=   0.0:  0
Min <=   0.0: 23
Min <= -18.0:  0
Max Rain: 10.2 on day 26
Days of Rain: 16 (>= 0.2 mm)  5 (>= 2.0 mm)  0 (>= 20.0 mm)
Heat Base: 18.3  Cool Base: 18.3  Method: Integration
Page Updated 22/05/2019 00:50:09
Powered by Cumulus v3.0.0 (3050)